hat is the tens digit of d?
2
Suppose u = -2 + 8. Suppose -16 = -8*q + u*q. What is the units digit of q?
8
Suppose 2326 = 5*j - 6224. What is the thousands digit of j?
1
Let u be 3/(15/2)*-1390. Let j = -342 - u. Suppose -9 + j = 5*x. What is the tens digit of x?
4
Suppose -i - 4*w = -759, -4*i = -w + 3*w - 2966. What is the hundreds digit of i?
7
Let c = 14 - -19. Suppose 3*f + 33 = -5*w - 25, 46 = -3*w + f. Let g = w + c. What is the units digit of g?
9
Let d = 1026 - 564. Suppose -4*o - 85 = -3*s + d, -5*s - 3*o + 960 = 0. What is the tens digit of s?
8
What is the hundreds digit of 2300/5 - (-8 + 0)?
4
Let x be (-3)/(-1) + -2 - 10. Let u be 33/x - (-1)/(-3). What is the units digit of 0 + (4/u - -3)?
2
Let t = 613 - -4. What is the hundreds digit of t?
6
Suppose -9*o + 108 = -5*o - 4*m, -5*m = 3*o - 73. Suppose -154 = 24*x - o*x. What is the tens digit of x?
7
Suppose 7860 = 3*o + 2*c, -o + 237 = -2*c - 2375. What is the hundreds digit of o?
6
Let t = 87 - 6. Suppose -3*z + 2*q + 159 = 60, 0 = 3*z + 4*q - t. What is the units digit of z?
1
Let l = -168 - -616. Let k = -237 + l. What is the tens digit of k?
1
Let w(l) = 3*l - 3. Let t be w(4). Let b = t - 20. What is the units digit of 1/(-3)*(-1 + b)?
4
Let q(d) = -20*d**3 + 47*d**2 + 10*d + 60. Let c(s) = 7*s**3 - 16*s**2 - 3*s - 20. Let u(v) = -17*c(v) - 6*q(v). What is the tens digit of u(12)?
6
What is the units digit of 4/(-10) + 54210/150?
1
What is the tens digit of (82 - 88)*1081/(-2)?
4
Let w = -51 + 132. Let d = w - 23. What is the tens digit of d?
5
Let r be (-16)/4 - 1*-9. Let l = r - -42. What is the units digit of l?
7
Suppose -51*d = -42364 - 3383. What is the tens digit of d?
9
Suppose 3*g - 7 = -19. Let d = 7 + g. What is the tens digit of 35 - (d - (9 - 2))?
3
Let p(t) be the first derivative of 2*t**3/3 - 5*t**2/2 + 22*t + 13. What is the units digit of p(7)?
5
Let d(z) = 2*z**2 - 4*z + 7. Suppose 11 + 5 = 4*h. Suppose -h*v + 9 = -3. What is the tens digit of d(v)?
1
Let h(x) = -3*x**2 + 40*x + 32. What is the units digit of h(13)?
5
Let h = 11 + -9. Suppose -h*j + 3*c = -35, -c = 3*j - j - 31. What is the tens digit of j?
1
Suppose 0*s - 4*d - 37 = -s, -2*s - d = -29. Let y = s + 53. What is the units digit of y?
0
Let t = 30 + -23. What is the tens digit of t/((-28)/(-264)) + 2?
6
Let i be 48/2 - (-5 - -7). Let l = 18 - 9. Let j = i + l. What is the tens digit of j?
3
Suppose -o - 3274 = -2*b, -135*o = 5*b - 134*o - 8171. What is the hundreds digit of b?
6
Let z be 234/(-8) + (-6)/8. What is the units digit of 1*-2*z/12?
5
Suppose 3*k + 0*i = 2*i + 1066, 2*k = 5*i + 729. What is the hundreds digit of k?
3
Let p(f) = -2*f**2 - 3*f + 1036. What is the tens digit of p(0)?
3
What is the units digit of 1004/5 + 192/160?
2
Let v(y) = 9*y**2 + 36. What is the hundreds digit of v(-7)?
4
Let j(a) = 9*a**2 - a + 4. Let z be j(3). Let u = -32 + z. What is the tens digit of u?
5
Let s(y) = y - 1. Let x be s(3). Suppose -x*a = -a - 74. What is the units digit of a?
4
Suppose 0*g - 20 = -3*g + 2*s, 0 = 3*g + 5*s + 8. Suppose 158 = 2*j - h, 0*j = 4*j + g*h - 328. What is the units digit of j?
0
Let v(a) = 4*a**3 - 7*a**2 + 7*a - 6. Let r(c) = -5*c**3 + 7*c**2 - 7*c + 6. Let m(o) = 5*r(o) + 6*v(o). Suppose -5 = q + 3. What is the units digit of m(q)?
2
Let d = -457 + 672. What is the hundreds digit of d?
2
Let y = -108 + 155. Let v = y - 30. What is the tens digit of v?
1
Suppose 0 = -x + 3*y, 0*x + 4*y = 2*x. Suppose x = 3*b - 3*v - 543, 2*b + 3*b + v - 911 = 0. What is the units digit of b?
2
Suppose 4*j - 2237 = s, -10*s - 1117 = -2*j - 11*s. What is the hundreds digit of j?
5
Suppose 23*g = 9696 - 4038. What is the tens digit of g?
4
Let z = -3974 + 5745. What is the thousands digit of z?
1
Suppose -4*k + 4475 = k. Suppose 0*o - k = -5*o. What is the hundreds digit of o?
1
Suppose 4 - 2 = 2*t. Let n(c) = t + 7 - 2 - 2*c. What is the units digit of n(-9)?
4
Suppose 8*g - 3*g + 15 = 0. What is the units digit of g/(-12) - 23/(-4)?
6
Let g(r) = r**3 - r**2 - r + 46. Let j be 3 + -1 - (0 - -4). Let h be 1/j + 2/4. What is the tens digit of g(h)?
4
Let l = -206 - -306. Suppose 0 = 3*c + 12, -4*t - 4*c + l = -2*t. What is the units digit of t?
8
Suppose 425 = 4*v - 647. Suppose 2*u + 5*o = 123, 2*o = -4*u + v - 46. What is the units digit of u?
4
Suppose -4*i = -s - 8604, 0 = 26*i - 28*i - 5*s + 4302. What is the tens digit of i?
5
Suppose -3*t = 4*i - 717, -67*t - 356 = -2*i - 69*t. What is the units digit of i?
3
Let j(l) = -l**2 - 61*l + 51. What is the hundreds digit of j(-28)?
9
Suppose 3*d = -0*d - 4*h - 7, 0 = -4*d - h + 8. Suppose -5*t = 7 + d. What is the units digit of (-171)/(-6) + 1/t?
8
Suppose -1476 = -9*f + 15*f. What is the units digit of -1*4/(-6)*-1*f?
4
Let p = 19 + -17. Suppose 0 = -b + 3*z + 84, -5*b - p*z - 2*z + 401 = 0. What is the tens digit of b?
8
Let p(s) be the second derivative of -s**5/20 - 7*s**4/12 - 5*s**3/3 + 7*s**2/2 + s - 11. What is the tens digit of p(-9)?
5
Let r = -629 - -1169. What is the hundreds digit of r?
5
Suppose 4*w - 4*n - 29 = -w, 5*n = -5. Let k = -14 - -14. Let h = w - k. What is the units digit of h?
5
Suppose -c - 2*c - 4*h + 683 = 0, -4*c - 2*h = -904. What is the units digit of 3/(15/496) - 45/c?
9
What is the thousands digit of 95*(-3 + 25) - 20/(-5)?
2
Let c = 40 - 507. Let m = c - -698. What is the units digit of m?
1
Suppose 8 = -2*v, 4*q + 4 = -v - 0*v. Suppose 4*c + p - 197 = 0, q = 2*c - c - p - 53. What is the tens digit of c?
5
What is the hundreds digit of 10892/(-6)*(3211/133 - 25)?
5
Suppose -49 - 79 = -4*s. Let m(v) = s - 12 - 14 - 4*v. What is the units digit of m(-11)?
0
Let m(k) be the third derivative of -k**5/60 - 5*k**4/24 - 2*k**3/3 + 4*k**2. Let b be m(-3). Let q(n) = 11*n + 1. What is the tens digit of q(b)?
2
Let h(x) = -x**2 + 3*x. Let f be h(2). Suppose -3*v + 15 = -f*l + 77, -5*l - 4*v + 109 = 0. What is the tens digit of l?
2
Suppose -2*u + 4*v + 140 = 0, 5*v - 210 = -2*u - u. Let a = -34 + u. What is the tens digit of a?
3
What is the thousands digit of (3330/75)/((-3)/(-80))?
1
Let z(s) = 105*s**2 - 356*s + 8. What is the units digit of z(7)?
1
Suppose 241 = 5*d - 84. Let r = 14 - 58. Let s = d + r. What is the tens digit of s?
2
Let u be ((-72)/(-7))/(3/14). Suppose -u = -0*n - 6*n. Suppose 6 = n*a - 6*a. What is the units digit of a?
3
Let y be ((-116)/(-6))/(10/15). Let w be y*(-2 + 0)/(-2). Let u = -8 + w. What is the units digit of u?
1
Let a = 2220 + -1197. What is the thousands digit of a?
1
Let n(y) = 33*y**2 - 23*y. What is the hundreds digit of n(5)?
7
Suppose 62*n = -16747 + 299777. What is the hundreds digit of n?
5
What is the units digit of 1 + 5320 - (-14 + (26 - 20))?
9
Let t(v) = 29*v + 35. Let g be t(8). Suppose -2 = -2*d + 4*z + 182, 3*d = 3*z + g. What is the units digit of d?
6
Suppose -42 = -4*t - 46, 2*t + 1980 = 2*n. What is the units digit of n?
9
Let t be (1 - 8/10) + 1707/15. What is the tens digit of -5 + 3 + (t - 5)?
0
Let c be 4/(-1) + 4 + 3. Suppose 4*s = c*a + 33 + 35, -20 = 5*a. What is the tens digit of s?
1
Suppose 13 = -2*k + 49. Let h = k + -12. What is the units digit of h?
6
Let x(d) = 1. Let t(j) = -7*j + 2. Let n(l) = -t(l) + 4*x(l). Let f be n(3). Let s = f + -14. What is the units digit of s?
9
Let n be (-2349)/(-36) - (-6)/8. Let q = n + -3. What is the units digit of q?
3
Suppose -150*f + 146*f = -8536. What is the thousands digit of f?
2
Let i(z) = -z**3 + 5*z**2 - 5. Let v be i(5). Let h(x) = -x**3 - 2*x**2 + 8*x + 6. What is the tens digit of h(v)?
4
Suppose -13*d = -6*d + 7. What is the units digit of -91*(-1 - ((d - 2) + 3))?
1
Let v(n) be the third derivative of n**6/15 + n**5/30 - n**4/24 - n**3/3 - 6*n**2. Let k be v(2). Suppose 0 = 4*q - 52 - k. What is the units digit of q?
0
Let k(o) be the third derivative of o**6/120 + o**5/30 - 5*o**4/24 - o**3/2 + 2*o**2. Let y be k(-3). Suppose 51 = y*w + 3. What is the tens digit of w?
1
Let x be 4/10 - (-13)/5*1. Suppose 3*r - r + 5*o - 338 = 0, r = -x*o + 171. What is the units digit of r?
9
Suppose 3*x - 55 = l + 3*l, -3*l = -x + 25. Let u(o) = 3*o + 0*o + 0*o + 0 - 16. What is the tens digit of u(x)?
2
Let q(w) = w - 10. Suppose 6*b - 61 = 17. What is the units digit of q(b)?
3
Let w(f) = f**3 + 4*